{"id":21072,"date":"2022-10-19T14:20:53","date_gmt":"2022-10-19T12:20:53","guid":{"rendered":"https:\/\/ch.fuso-trucks.de\/a-propos-de-fuso\/"},"modified":"2022-11-10T16:25:54","modified_gmt":"2022-11-10T15:25:54","slug":"a-propos-de-fuso","status":"publish","type":"page","link":"https:\/\/www.fuso-trucks.ch\/fr\/a-propos-de-fuso\/","title":{"rendered":"\u00c0 propos de FUSO"},"content":{"rendered":"<div class=\"wpb-content-wrapper\"><p>[vc_row][vc_column][vc_column_text el_class=&#8221;bigger centered&#8221;]<\/p>\n<h2>LES COMPOSANTS \u00c9L\u00c9MENTAIRES.<br \/>\nL&#8217;\u0152UVRE DE L&#8217;UE ET L&#8217;HISTOIRE.<\/h2>\n<p>[\/vc_column_text][vc_empty_space height=&#8221;60px&#8221;]\n    <div class=\"wpb_content_element tiles fusoeurope-tiles\" ><div class=\"wpb_text_column\">\n            <ul class=\"tiles__list no_slick flex-2\">\n                <li class=\"wpb_content_element  bg--grey tiles__list__element\" ><div class=\"tiles__list__element__image\"><a href=\"https:\/\/www.fuso-trucks.ch\/fr\/a-propos-de-fuso\/usine-de-lue\/\"><img decoding=\"async\" class=\"layout-cover\" src=\"https:\/\/www.fuso-trucks.ch\/wp-content\/uploads\/sites\/7\/2022\/08\/ueber-fuso_MadeinEurope.jpg\" alt=\"\" \/><\/a><\/div><div class=\"tiles__list__element__text wpb_text_column\"><h3 class=\"tiles__list__element__subtitle\">MADE IN EUROPE.<br \/>\nL'USINE CANTER EU.<\/h3><div class=\"tiles__list__element__description\"><p>Avec le lancement de la production de la s\u00e9rie actuelle et la plus r\u00e9cente, huit g\u00e9n\u00e9rations du FUSO Canter sortiront des cha\u00eenes de production de Mitsubishi FUSO Truck Europe \u00e0 Tramagal, au Portugal, d\u00e8s le d\u00e9but de l&#8217;ann\u00e9e 2022. L&#8217;usine, situ\u00e9e \u00e0 environ 150 kilom\u00e8tres au nord-est de Lisbonne, est le site de production central de FUSO en Europe et fabrique tous les Canter et eCanter pour le march\u00e9 europ\u00e9en.<\/p>\n<\/div>\n                <div class=\"tiles__list__element__link-container\">\n                    <a href=\"https:\/\/www.fuso-trucks.ch\/fr\/a-propos-de-fuso\/usine-de-lue\/\" class=\"tiles__list__element__link\">EN SAVOIR PLUS<\/a>\n                <\/div><\/div><\/li><li class=\"wpb_content_element  bg--grey tiles__list__element\" ><div class=\"tiles__list__element__image\"><a href=\"https:\/\/www.fuso-trucks.ch\/fr\/a-propos-de-fuso\/histoire\/\"><img decoding=\"async\" class=\"layout-cover\" src=\"https:\/\/www.fuso-trucks.ch\/wp-content\/uploads\/sites\/7\/2022\/08\/ueber-fuso_erfolgsgeschichten.jpg\" alt=\"\" \/><\/a><\/div><div class=\"tiles__list__element__text wpb_text_column\"><h3 class=\"tiles__list__element__subtitle\">\u00c9CRIRE DES HISTOIRES \u00c0 SUCC\u00c8S.<br \/>\nLES MARQUES FUSO ET CANTER.<\/h3><div class=\"tiles__list__element__description\"><p>La marque FUSO fait partie int\u00e9grante de Daimler Truck AG et, avec neuf d\u00e9cennies d&#8217;exp\u00e9rience en tant que constructeur international de camions et d&#8217;autobus, elle est connue bien au-del\u00e0 du Japon. Le FUSO Canter y joue un r\u00f4le d\u00e9terminant depuis 1963 d\u00e9j\u00e0. Les v\u00e9hicules utilitaires avec les trois diamants caract\u00e9ristiques sur la calandre repr\u00e9sentent plus d&#8217;un tiers du volume total des ventes de Daimler Truck AG.<\/p>\n<\/div>\n                <div class=\"tiles__list__element__link-container\">\n                    <a href=\"https:\/\/www.fuso-trucks.ch\/fr\/a-propos-de-fuso\/histoire\/\" class=\"tiles__list__element__link\">EN SAVOIR PLUS<\/a>\n                <\/div><\/div><\/li>\n            <\/ul>\n        <\/div>\n    <\/div>\n[\/vc_column][\/vc_row]<\/p>\n<\/div>","protected":false},"excerpt":{"rendered":"<\/p>\n","protected":false},"author":44,"featured_media":0,"parent":0,"menu_order":0,"comment_status":"closed","ping_status":"closed","template":"templates\/template-default-hero.php","meta":{"_acf_changed":false,"footnotes":""},"class_list":["post-21072","page","type-page","status-publish","hentry"],"acf":[],"yoast_head":"<!-- This site is optimized with the Yoast SEO plugin v27.5 - https:\/\/yoast.com\/product\/yoast-seo-wordpress\/ -->\n<title>\u00c0 propos de FUSO - FUSO Trucks CH<\/title>\n<meta name=\"description\" content=\"LES COMPOSANTS \u00c9L\u00c9MENTAIRES. L&#039;\u0152UVRE DE L&#039;UE ET L&#039;HISTOIRE.\" \/>\n<meta name=\"robots\" content=\"index, follow, max-snippet:-1, max-image-preview:large, max-video-preview:-1\" \/>\n<link rel=\"canonical\" href=\"https:\/\/www.fuso-trucks.ch\/fr\/a-propos-de-fuso\/\" \/>\n<meta property=\"og:locale\" content=\"fr_FR\" \/>\n<meta property=\"og:type\" content=\"article\" \/>\n<meta property=\"og:title\" content=\"\u00c0 propos de FUSO - FUSO Trucks CH\" \/>\n<meta property=\"og:description\" content=\"LES COMPOSANTS \u00c9L\u00c9MENTAIRES. L&#039;\u0152UVRE DE L&#039;UE ET L&#039;HISTOIRE.\" \/>\n<meta property=\"og:url\" content=\"https:\/\/www.fuso-trucks.ch\/fr\/a-propos-de-fuso\/\" \/>\n<meta property=\"og:site_name\" content=\"FUSO Trucks CH\" \/>\n<meta property=\"article:modified_time\" content=\"2022-11-10T15:25:54+00:00\" \/>\n<meta name=\"twitter:card\" content=\"summary_large_image\" \/>\n<meta name=\"twitter:label1\" content=\"Est. reading time\" \/>\n\t<meta name=\"twitter:data1\" content=\"1 minute\" \/>\n<script type=\"application\/ld+json\" class=\"yoast-schema-graph\">{\"@context\":\"https:\\\/\\\/schema.org\",\"@graph\":[{\"@type\":\"WebPage\",\"@id\":\"https:\\\/\\\/www.fuso-trucks.ch\\\/fr\\\/a-propos-de-fuso\\\/\",\"url\":\"https:\\\/\\\/www.fuso-trucks.ch\\\/fr\\\/a-propos-de-fuso\\\/\",\"name\":\"\u00c0 propos de FUSO - FUSO Trucks CH\",\"isPartOf\":{\"@id\":\"https:\\\/\\\/www.fuso-trucks.ch\\\/fr\\\/#website\"},\"datePublished\":\"2022-10-19T12:20:53+00:00\",\"dateModified\":\"2022-11-10T15:25:54+00:00\",\"description\":\"LES COMPOSANTS \u00c9L\u00c9MENTAIRES. L'\u0152UVRE DE L'UE ET L'HISTOIRE.\",\"breadcrumb\":{\"@id\":\"https:\\\/\\\/www.fuso-trucks.ch\\\/fr\\\/a-propos-de-fuso\\\/#breadcrumb\"},\"inLanguage\":\"fr-CH\",\"potentialAction\":[{\"@type\":\"ReadAction\",\"target\":[\"https:\\\/\\\/www.fuso-trucks.ch\\\/fr\\\/a-propos-de-fuso\\\/\"]}]},{\"@type\":\"BreadcrumbList\",\"@id\":\"https:\\\/\\\/www.fuso-trucks.ch\\\/fr\\\/a-propos-de-fuso\\\/#breadcrumb\",\"itemListElement\":[{\"@type\":\"ListItem\",\"position\":1,\"name\":\"Home\",\"item\":\"https:\\\/\\\/www.fuso-trucks.ch\\\/fr\\\/\"},{\"@type\":\"ListItem\",\"position\":2,\"name\":\"\u00c0 propos de FUSO\"}]},{\"@type\":\"WebSite\",\"@id\":\"https:\\\/\\\/www.fuso-trucks.ch\\\/fr\\\/#website\",\"url\":\"https:\\\/\\\/www.fuso-trucks.ch\\\/fr\\\/\",\"name\":\"FUSO Trucks CH\",\"description\":\"\",\"potentialAction\":[{\"@type\":\"SearchAction\",\"target\":{\"@type\":\"EntryPoint\",\"urlTemplate\":\"https:\\\/\\\/www.fuso-trucks.ch\\\/fr\\\/?s={search_term_string}\"},\"query-input\":{\"@type\":\"PropertyValueSpecification\",\"valueRequired\":true,\"valueName\":\"search_term_string\"}}],\"inLanguage\":\"fr-CH\"}]}<\/script>\n<!-- \/ Yoast SEO plugin. -->","yoast_head_json":{"title":"\u00c0 propos de FUSO - FUSO Trucks CH","description":"LES COMPOSANTS \u00c9L\u00c9MENTAIRES. L'\u0152UVRE DE L'UE ET L'HISTOIRE.","robots":{"index":"index","follow":"follow","max-snippet":"max-snippet:-1","max-image-preview":"max-image-preview:large","max-video-preview":"max-video-preview:-1"},"canonical":"https:\/\/www.fuso-trucks.ch\/fr\/a-propos-de-fuso\/","og_locale":"fr_FR","og_type":"article","og_title":"\u00c0 propos de FUSO - FUSO Trucks CH","og_description":"LES COMPOSANTS \u00c9L\u00c9MENTAIRES. L'\u0152UVRE DE L'UE ET L'HISTOIRE.","og_url":"https:\/\/www.fuso-trucks.ch\/fr\/a-propos-de-fuso\/","og_site_name":"FUSO Trucks CH","article_modified_time":"2022-11-10T15:25:54+00:00","twitter_card":"summary_large_image","twitter_misc":{"Est. reading time":"1 minute"},"schema":{"@context":"https:\/\/schema.org","@graph":[{"@type":"WebPage","@id":"https:\/\/www.fuso-trucks.ch\/fr\/a-propos-de-fuso\/","url":"https:\/\/www.fuso-trucks.ch\/fr\/a-propos-de-fuso\/","name":"\u00c0 propos de FUSO - FUSO Trucks CH","isPartOf":{"@id":"https:\/\/www.fuso-trucks.ch\/fr\/#website"},"datePublished":"2022-10-19T12:20:53+00:00","dateModified":"2022-11-10T15:25:54+00:00","description":"LES COMPOSANTS \u00c9L\u00c9MENTAIRES. L'\u0152UVRE DE L'UE ET L'HISTOIRE.","breadcrumb":{"@id":"https:\/\/www.fuso-trucks.ch\/fr\/a-propos-de-fuso\/#breadcrumb"},"inLanguage":"fr-CH","potentialAction":[{"@type":"ReadAction","target":["https:\/\/www.fuso-trucks.ch\/fr\/a-propos-de-fuso\/"]}]},{"@type":"BreadcrumbList","@id":"https:\/\/www.fuso-trucks.ch\/fr\/a-propos-de-fuso\/#breadcrumb","itemListElement":[{"@type":"ListItem","position":1,"name":"Home","item":"https:\/\/www.fuso-trucks.ch\/fr\/"},{"@type":"ListItem","position":2,"name":"\u00c0 propos de FUSO"}]},{"@type":"WebSite","@id":"https:\/\/www.fuso-trucks.ch\/fr\/#website","url":"https:\/\/www.fuso-trucks.ch\/fr\/","name":"FUSO Trucks CH","description":"","potentialAction":[{"@type":"SearchAction","target":{"@type":"EntryPoint","urlTemplate":"https:\/\/www.fuso-trucks.ch\/fr\/?s={search_term_string}"},"query-input":{"@type":"PropertyValueSpecification","valueRequired":true,"valueName":"search_term_string"}}],"inLanguage":"fr-CH"}]}},"_links":{"self":[{"href":"https:\/\/www.fuso-trucks.ch\/fr\/wp-json\/wp\/v2\/pages\/21072","targetHints":{"allow":["GET"]}}],"collection":[{"href":"https:\/\/www.fuso-trucks.ch\/fr\/wp-json\/wp\/v2\/pages"}],"about":[{"href":"https:\/\/www.fuso-trucks.ch\/fr\/wp-json\/wp\/v2\/types\/page"}],"author":[{"embeddable":true,"href":"https:\/\/www.fuso-trucks.ch\/fr\/wp-json\/wp\/v2\/users\/44"}],"replies":[{"embeddable":true,"href":"https:\/\/www.fuso-trucks.ch\/fr\/wp-json\/wp\/v2\/comments?post=21072"}],"version-history":[{"count":6,"href":"https:\/\/www.fuso-trucks.ch\/fr\/wp-json\/wp\/v2\/pages\/21072\/revisions"}],"predecessor-version":[{"id":22153,"href":"https:\/\/www.fuso-trucks.ch\/fr\/wp-json\/wp\/v2\/pages\/21072\/revisions\/22153"}],"wp:attachment":[{"href":"https:\/\/www.fuso-trucks.ch\/fr\/wp-json\/wp\/v2\/media?parent=21072"}],"curies":[{"name":"wp","href":"https:\/\/api.w.org\/{rel}","templated":true}]}}

À propos de FUSO

<div class="wpb-content-wrapper"><p>[vc_row][vc_column][vc_column_text el_class=&#8221;bigger centered&#8221;]</p>
<h2>LES COMPOSANTS ÉLÉMENTAIRES.<br />
L&#8217;ŒUVRE DE L&#8217;UE ET L&#8217;HISTOIRE.</h2>
<p>[/vc_column_text][vc_empty_space height=&#8221;60px&#8221;]
    <div class="wpb_content_element tiles fusoeurope-tiles" ><div class="wpb_text_column">
            <ul class="tiles__list no_slick flex-2">
                <li class="wpb_content_element  bg--grey tiles__list__element" ><div class="tiles__list__element__image"><a href="https://www.fuso-trucks.ch/fr/a-propos-de-fuso/usine-de-lue/"><img decoding="async" class="layout-cover" src="https://www.fuso-trucks.ch/wp-content/uploads/sites/7/2022/08/ueber-fuso_MadeinEurope.jpg" alt="" /></a></div><div class="tiles__list__element__text wpb_text_column"><h3 class="tiles__list__element__subtitle">MADE IN EUROPE.<br />
L'USINE CANTER EU.</h3><div class="tiles__list__element__description"><p>Avec le lancement de la production de la série actuelle et la plus récente, huit générations du FUSO Canter sortiront des chaînes de production de Mitsubishi FUSO Truck Europe à Tramagal, au Portugal, dès le début de l&#8217;année 2022. L&#8217;usine, située à environ 150 kilomètres au nord-est de Lisbonne, est le site de production central de FUSO en Europe et fabrique tous les Canter et eCanter pour le marché européen.</p>
</div>
                <div class="tiles__list__element__link-container">
                    <a href="https://www.fuso-trucks.ch/fr/a-propos-de-fuso/usine-de-lue/" class="tiles__list__element__link">EN SAVOIR PLUS</a>
                </div></div></li><li class="wpb_content_element  bg--grey tiles__list__element" ><div class="tiles__list__element__image"><a href="https://www.fuso-trucks.ch/fr/a-propos-de-fuso/histoire/"><img decoding="async" class="layout-cover" src="https://www.fuso-trucks.ch/wp-content/uploads/sites/7/2022/08/ueber-fuso_erfolgsgeschichten.jpg" alt="" /></a></div><div class="tiles__list__element__text wpb_text_column"><h3 class="tiles__list__element__subtitle">ÉCRIRE DES HISTOIRES À SUCCÈS.<br />
LES MARQUES FUSO ET CANTER.</h3><div class="tiles__list__element__description"><p>La marque FUSO fait partie intégrante de Daimler Truck AG et, avec neuf décennies d&#8217;expérience en tant que constructeur international de camions et d&#8217;autobus, elle est connue bien au-delà du Japon. Le FUSO Canter y joue un rôle déterminant depuis 1963 déjà. Les véhicules utilitaires avec les trois diamants caractéristiques sur la calandre représentent plus d&#8217;un tiers du volume total des ventes de Daimler Truck AG.</p>
</div>
                <div class="tiles__list__element__link-container">
                    <a href="https://www.fuso-trucks.ch/fr/a-propos-de-fuso/histoire/" class="tiles__list__element__link">EN SAVOIR PLUS</a>
                </div></div></li>
            </ul>
        </div>
    </div>
[/vc_column][/vc_row]</p>
</div>

<!-- This site is optimized with the Yoast SEO plugin v27.5 - https://yoast.com/product/yoast-seo-wordpress/ -->
<title>À propos de FUSO - FUSO Trucks CH</title>
<meta name="description" content="LES COMPOSANTS ÉLÉMENTAIRES. L&#039;ŒUVRE DE L&#039;UE ET L&#039;HISTOIRE." />
<meta name="robots" content="index, follow, max-snippet:-1, max-image-preview:large, max-video-preview:-1" />
<link rel="canonical" href="https://www.fuso-trucks.ch/fr/a-propos-de-fuso/" />
<meta property="og:locale" content="fr_FR" />
<meta property="og:type" content="article" />
<meta property="og:title" content="À propos de FUSO - FUSO Trucks CH" />
<meta property="og:description" content="LES COMPOSANTS ÉLÉMENTAIRES. L&#039;ŒUVRE DE L&#039;UE ET L&#039;HISTOIRE." />
<meta property="og:url" content="https://www.fuso-trucks.ch/fr/a-propos-de-fuso/" />
<meta property="og:site_name" content="FUSO Trucks CH" />
<meta property="article:modified_time" content="2022-11-10T15:25:54+00:00" />
<meta name="twitter:card" content="summary_large_image" />
<meta name="twitter:label1" content="Est. reading time" />
	<meta name="twitter:data1" content="1 minute" />
<script type="application/ld+json" class="yoast-schema-graph">{"@context":"https:\/\/schema.org","@graph":[{"@type":"WebPage","@id":"https:\/\/www.fuso-trucks.ch\/fr\/a-propos-de-fuso\/","url":"https:\/\/www.fuso-trucks.ch\/fr\/a-propos-de-fuso\/","name":"À propos de FUSO - FUSO Trucks CH","isPartOf":{"@id":"https:\/\/www.fuso-trucks.ch\/fr\/#website"},"datePublished":"2022-10-19T12:20:53+00:00","dateModified":"2022-11-10T15:25:54+00:00","description":"LES COMPOSANTS ÉLÉMENTAIRES. L'ŒUVRE DE L'UE ET L'HISTOIRE.","breadcrumb":{"@id":"https:\/\/www.fuso-trucks.ch\/fr\/a-propos-de-fuso\/#breadcrumb"},"inLanguage":"fr-CH","potentialAction":[{"@type":"ReadAction","target":["https:\/\/www.fuso-trucks.ch\/fr\/a-propos-de-fuso\/"]}]},{"@type":"BreadcrumbList","@id":"https:\/\/www.fuso-trucks.ch\/fr\/a-propos-de-fuso\/#breadcrumb","itemListElement":[{"@type":"ListItem","position":1,"name":"Home","item":"https:\/\/www.fuso-trucks.ch\/fr\/"},{"@type":"ListItem","position":2,"name":"À propos de FUSO"}]},{"@type":"WebSite","@id":"https:\/\/www.fuso-trucks.ch\/fr\/#website","url":"https:\/\/www.fuso-trucks.ch\/fr\/","name":"FUSO Trucks CH","description":"","potentialAction":[{"@type":"SearchAction","target":{"@type":"EntryPoint","urlTemplate":"https:\/\/www.fuso-trucks.ch\/fr\/?s={search_term_string}"},"query-input":{"@type":"PropertyValueSpecification","valueRequired":true,"valueName":"search_term_string"}}],"inLanguage":"fr-CH"}]}</script>
<!-- / Yoast SEO plugin. -->

À propos de FUSO - FUSO Trucks CH

LES COMPOSANTS ÉLÉMENTAIRES. L'ŒUVRE DE L'UE ET L'HISTOIRE.
